- 3 - 0). Let l(r) = r**2 - 8*r - 43. Calculate the remainder when l(h) is divided by 22.
19
Let d = 21122 + -21115. Calculate the remainder when 449 is divided by d.
1
Let o = 73160 + -72699. Suppose 3*c - 123 = 3. What is the remainder when o is divided by c?
41
Suppose s = -5, -4*s - 29 = 5*n - 6*n. Let g(h) = 6*h**2 + h - 5. Calculate the remainder when g(4) is divided by (n - 8) + 0 + 11.
11
Calculate the remainder when -1 - (3/(-5) - 1144/10) is divided by (14 - (24 - 12))*(-30)/(-4).
9
Suppose -171*v = -179*v + 1736. What is the remainder when 1094 is divided by v?
9
Let o(b) = -23*b - 41. Let c be o(-5). Suppose s = -i - 2*s + 22, 4*i - 2*s = c. What is the remainder when i is divided by 13?
6
What is the remainder when (-3 - (-9)/9*1) + 376 + -1 is divided by 102?
67
Let i(b) = b**3 + 6*b**2 - 4*b + 5. Let o be i(-7). Let x(l) = l**3 - 45*l**2 - 190*l - 263. Calculate the remainder when x(49) is divided by o*1*2/(-2).
15
Suppose 2 = -5*c + 37. Let m(u) = -u**3 + 3*u**2 + 24*u - 4. Let q be m(8). Let r = q + 156. Calculate the remainder when r is divided by c.
3
Suppose -1058 = -2*f + 3*v, 294*v + 1543 = 3*f + 295*v. Let x = 106 + -54. Calculate the remainder when f is divided by x.
49
Let l(o) = o**2 + 68*o + 615. What is the remainder when l(-59) is divided by 26?
6
Let u = 90 - 13. Let c = 76 - u. Calculate the remainder when 8 is divided by (-6)/4 - (c + (-52)/8).
2
Suppose 3*w - 6*w + 17 = -5*t, 31 = 4*w - 5*t. Calculate the remainder when 291 is divided by w.
11
Let w(n) = -2 + 2*n**2 - 4 + 3 + n**2. Suppose 75*y - 256 = 43*y. What is the remainder when w(4) is divided by y?
5
Let o be 3/(6/(-82))*(-8 + 9). Let f be o/(-4) + 2/(-8). Let g(x) = -x**3 + 10*x**2 + 15*x - 19. What is the remainder when g(f) is divided by 12?
11
Let a = -19678 + 19760. Suppose -6 - 8 = -t. What is the remainder when a is divided by t?
12
Suppose 26*u = 1585 + 131. What is the remainder when 655 is divided by u?
61
Let g(r) be the second derivative of -33*r**3/2 - 7*r**2/2 - 3*r - 5. Calculate the remainder when g(-5) is divided by 14.
12
Suppose -4*y + o + 2*o + 7 = 0, -y + 5*o - 11 = 0. Suppose -164 = -l - 3*l + 5*i, y*l + 2*i - 136 = 0. What is the remainder when 68 is divided by l?
32
Let j(y) = -8*y - 60. Let s be j(-8). Suppose -s*r = -2*o - 40, 6*o + 10 = r + 7*o. Calculate the remainder when 37 is divided by r.
7
Let l = -362 - -362. Suppose l = -11*s + 167 + 163. Calculate the remainder when 57 is divided by s.
27
Let w(x) = 174 + 44 + 52 - 4*x + 40*x. What is the remainder when 205 is divided by w(-6)?
43
Let r be (-3 - -5 - 199/1) + -2. Let s = r - -255. Calculate the remainder when 165 is divided by s.
53
Suppose 2*s = -s - 0*s. Suppose 5*u - 7*n + 2*n + 5 = s, -u = 5*n - 23. What is the remainder when 158 is divided by u?
2
Let d = 165 - 133. Calculate the remainder when 77 is divided by ((-162)/216)/((-6)/d).
1
Let f be -3 + 2 - -1*(-5 + 9). Suppose 3*c = f*l + 42, -15*l + 12 = c - 18*l. What is the remainder when 193 is divided by c?
13
Calculate the remainder when 7752 is divided by 126/(-7)*2/(-4) - -38.
44
Let v(d) = d**2 - 4*d + 19. Suppose -7*m - 22 = -3*c - 11*m, c = m + 5. What is the remainder when v(c) is divided by 10?
1
Let y(l) = 19*l**2 - 13*l - 16. What is the remainder when 136 is divided by y(-1)?
8
Suppose -3*n + 25*z = 27*z - 639, -851 = -4*n - 3*z. What is the remainder when n is divided by 128?
87
Suppose 0 = 7*i - 2*i - 3*c - 8, 0 = 2*i - 2*c. Suppose 2*z + 21 = -14*b + 15*b, z - 120 = -i*b. Let r = 26 + -11. What is the remainder when b is divided by r?
14
Let s = -236 + 114. Let b = -57 - s. What is the remainder when b is divided by 7?
2
Suppose 2*z + 4 + 2 = -5*x, -3*x - 6 = 0. Suppose h + 30 = 3*k, -z*k + 2*h = h - 20. Let j = 67 - k. What is the remainder when j is divided by 15?
12
Suppose -a - 588 + 5325 = -4*p, -2*a - 2*p = -9384. What is the remainder when a is divided by 1175?
1
Let k = 53 - 34. Let m = 2 + k. Calculate the remainder when 164/(5 + -4 + 1) is divided by m.
19
Let y(d) = 80*d + 260. What is the remainder when (276 + 1 + 0)*1 is divided by y(-3)?
17
Suppose -108 = -5*f - 4*d, 4*d + 87 - 27 = 2*f. Let i(k) = -k**3 + 26*k**2 + 11*k + 33. What is the remainder when i(f) is divided by 12?
9
Suppose -2*s - 3*s + 1160 = 0. What is the remainder when s is divided by (18 + (-22)/44)/(12/24)?
22
Calculate the remainder when 282 is divided by 0 + 1/3 + (-12190)/(-690).
12
Let u(n) = n**3 + 122*n**2 - 502*n + 311. Calculate the remainder when 407 is divided by u(-126).
53
Let u = -5236 - -5299. Calculate the remainder when 4911 is divided by u.
60
What is the remainder when (1 - (-15)/2)*(19 - (20 - 63)) is divided by 178?
171
Suppose -5 = -5*t, 0 = 5*h - 3*t - 221 + 4. What is the remainder when 739 is divided by h?
35
Suppose 53*a - 256 = 37*a. Let r(t) = -2*t - 10. What is the remainder when r(-18) is divided by a?
10
What is the remainder when (-5 + 16)/(-11)*-5257 is divided by 22?
21
Let k(q) be the first derivative of q**3 - 13*q - 51. What is the remainder when k(-9) is divided by 29?
27
Let d = 46 - 41. Suppose -3*t = 6, -4*q - d*t + 6 - 16 = 0. Suppose 0 = -2*k - v - v + 42, -5*v - 20 = q. What is the remainder when 97 is divided by k?
22
Let d(z) = 2*z - 5. Let w be d(-5). Let s be (-6)/10 - 39/w. Suppose s*g - 39 = 35. What is the remainder when g is divided by 13?
11
Let q(f) = f**3 + 6*f**2 + 3*f. Suppose -4 = -2*t - 10. Let a be q(t). What is the remainder when (-2)/(-12) + 735/a is divided by 12?
5
Suppose 3*j + 4*h - 1 = 0, -17*j + 12*j = -3*h - 21. Suppose -7*n = -4*n - 9. Suppose -j*d + n = -42. Calculate the remainder when 53 is divided by d.
8
Let x(q) = -624*q - 4985. What is the remainder when 27 is divided by x(-8)?
6
Let k(q) = 4*q**2 - 187*q + 538. Calculate the remainder when 59 is divided by k(44).
5
What is the remainder when 482 is divided by (1233/(-822))/((-6)/44)?
9
Let h(s) = s**3 - 97*s**2 + 198*s - 650. Calculate the remainder when h(95) is divided by 30.
20
Let t = 4196 + -3635. Calculate the remainder when t is divided by 38.
29
Let f(y) = 94*y + 4070. Calculate the remainder when f(-41) is divided by 23.
9
Let q = -6165 + 6176. Suppose 6 = 5*m - 4*l - 272, 0 = 4*l + 8. What is the remainder when m is divided by q?
10
Let f be 1330/4 - (-4 - (-45)/10). Calculate the remainder when 226 is divided by (56/(-21) - -4) + f/12.
23
Let f = -8586 + 8930. What is the remainder when f is divided by 321?
23
Let j = -1149 + 1152. Calculate the remainder when 426 is divided by j.
0
Suppose 1104 = 18*q - 5*x, -5*q + x - 162 = -8*q. Let j(f) = -15*f**3 - 2*f**2 - f + 1. What is the remainder when j(-2) is divided by q?
57
Let y(f) = f**2 - 145*f + 3088. Calculate the remainder when y(24) is divided by 80.
24
Suppose -o - a + 6*a + 30 = 0, -15 = 2*o + 5*a. Suppose -r = -o + 9. Let t = r - -23. Calculate the remainder when 113 is divided by t.
18
Let c be (-1)/(-2 + 18/10). Suppose -c*t = -21 - 59. Calculate the remainder when 59 is divided by t.
11
Let d = 49 - 38. Suppose -d*x + 47 = -41. Suppose 0 = -s + 3*p + 22, 5*s - 162 - x = -5*p. What is the remainder when 89 is divided by s?
27
Let k(l) = 4*l - 7. Let o(s) = 9*s. Let b be o(1). Let n be k(b). Let v = 40 - n. What is the remainder when 21 is divided by v?
10
Suppose 7 = -5*n + 22. Suppose 0 = -2*t - 2*t - 20, 0 = 5*m - n*t - 35. Calculate the remainder when ((-22)/m)/((-4)/56) is divided by 26.
25
Suppose -228*t = -277 - 4566 - 2453. Suppose -m + 2 = -5*r, r + m + 8 = 5*m. Suppose r = -s + 4*s - 186. What is the remainder when s is divided by t?
30
Let d be 1/((-2)/(-3))*2 + -5. Calculate the remainder when 92 is divided by 4*-6*(d - -1).
20
Let y(t) = -14*t - 2. Let h be (12/(-9))/(26/3 - 8). Let r(b) = 6*b**2 + 2*b - 6. Calculate the remainder when y(-7) is divided by r(h).
12
Let z be (32/24)/(22/(-18) - -1). Let j = -4 - z. Suppose k + 130 = j*k. What is the remainder when k is divided by 33?
31
Suppose -3*j + 4 = 2*a, 2*j + j = -3*a + 6. Let o(m) = -6 + 4*m - 6*m + 4 + 20. Calculate the remainder when 51 is divided by o(j).
15
Suppose -28*q + 112*q + 4032 = 0. Let f(k) = -4*k**2 - 3*k - 3. Let y be f(4). Let w = q - y. What is the remainder when 123 is divided by w?
30
Let q(h) = -h**2. Let n(z) = -4*z**2 + 20*z +